?
False
Is ((-11)/2)/((-5)/110) prime?
False
Let d(m) = m**3 + 12*m**2 + 8*m + 10. Is d(-7) a prime number?
True
Suppose -2*u = 0, 5*l - 3*u = 3*l + 1262. Is l prime?
True
Is 145*((-12)/(-5))/4 a prime number?
False
Let q be 56/(2 - 4) - 1. Let s = 44 + q. Is s a prime number?
False
Suppose 5*a + 323 = n, 5*n - 5*a - 810 - 725 = 0. Is n composite?
True
Let j(p) = p + 1. Suppose -5*u + 34 - 9 = 0. Let w be j(u). Let g(m) = m**3 - 4*m**2 - 7*m + 1. Is g(w) composite?
False
Suppose 3*u - 23 = 5*t, 31 = 3*u - t - 0. Let a(d) = 3*d + u*d**2 - 1 - 4*d + 5*d**2. Is a(-2) a composite number?
True
Let c(g) = 2*g - 4. Let b be c(3). Suppose -10 - 24 = -2*y + 4*j, -2*y + b*j + 38 = 0. Is y prime?
False
Suppose 5*p - 90 = -0. Let i(y) = -3*y - 2. Let b be i(-4). Is (-1)/(-5) + p/b a prime number?
True
Let y = 1632 - -3015. Is y prime?
False
Let i(b) = 3*b**2 + 12*b - 10. Is i(11) prime?
False
Let n(q) = -q**3 + 2*q**2 - 2*q - 8. Let l be n(-6). Is (-2)/6 - l/(-3) prime?
True
Suppose 3*g - 2*c + 1 - 14 = 0, 5*g = c + 31. Is g composite?
False
Suppose 2*s + 5*b = s - 78, s = -b - 70. Let h = 231 + s. Is h a prime number?
True
Let c be 1/(-4) + 4/16. Let l(f) = -f + 12. Let y be l(c). Suppose 4*s - y = -0. Is s a composite number?
False
Suppose -4*d + 9*d - 2*m + 35 = 0, -d + m - 10 = 0. Let h = -10 + d. Is (-41)/(-3) - 5/h prime?
False
Let r = 10 + 3. Let m(a) = -a**2 + 18*a - 12. Is m(r) prime?
True
Suppose 2*b - 6 = -z, 12 = b - 4*z - 0*z. Suppose 122 = b*s - 26. Is s prime?
True
Let k(g) be the third derivative of g**6/120 - g**5/20 + g**4/24 - 5*g**3/3 - 7*g**2. Is k(9) prime?
False
Let a = 435 - -218. Is a composite?
False
Let j(y) = 29*y - 16. Let i be j(-8). Let q = i - -562. Is q a prime number?
False
Let o(q) = -q**3 + 10*q**2 + 2*q + 7. Is o(9) composite?
True
Let m = 77 - -182. Is m prime?
False
Is -2 + (-183)/(12/(-4)) composite?
False
Let d = -10 - -8. Let f(m) = -24*m - 1. Is f(d) prime?
True
Let t = 1 - -1. Suppose -t*u - 5*c = -21, 0 = u + 3*c + c - 15. Let v(p) = -p**3 + 2*p**2 + 4*p - 1. Is v(u) a prime number?
True
Is ((-6)/(-4))/(1/26) composite?
True
Let n = 458 + -1021. Let x = 1360 + n. Is x prime?
True
Is -4 + 3 + 84/1 prime?
True
Suppose -3*b - 3*d + 1915 = -2*d, -d - 3189 = -5*b. Suppose r - b = -r. Is r a prime number?
False
Let q(f) = -f**2 + 10*f - 10. Let z be q(8). Suppose 3*p = z*p - 9. Is 118 - (3 + -3 + p) composite?
True
Let o = 1173 - 664. Is o a composite number?
False
Suppose -5*q + 31 = -4*q. Is q composite?
False
Let p(x) = 26*x**2 - 4*x - 17. Is p(9) prime?
True
Suppose 42 = v - 331. Is v prime?
True
Let u(q) = q**2 + 5*q + 2. Let t be u(-5). Suppose 2*a - t*w + w = 302, 0 = w + 4. Is a prime?
True
Let c(i) = -100*i**2. Let x(j) = -11*j**2. Let o(b) = 6*c(b) - 55*x(b). Let h be o(-1). Suppose -h*a = -89 - 76. Is a a composite number?
True
Suppose 12 = -6*m + 4*m. Let x(c) be the first derivative of c**3/3 - c + 3. Is x(m) composite?
True
Let a(o) = 41*o. Let i(s) = 82*s. Let n(l) = -7*a(l) + 4*i(l). Let t be n(1). Let f = 88 - t. Is f prime?
True
Is -3 + (-7)/(21/(-1620)) a prime number?
False
Let w = -21 + 41. Suppose 0 = 3*v - 55 - w. Is v a prime number?
False
Is 11544/15 + 18/(-30) a composite number?
False
Let u(g) = -g + 9. Let z be u(5). Let s be 354/(-10) - z/(-10). Is (-4)/14 + (-1095)/s composite?
False
Let w = 165 - -169. Suppose -4*u + 142 = -w. Is u composite?
True
Let y = 1851 + -700. Is y a composite number?
False
Let p = 775 - -554. Suppose -3*t + p = -3*n, 0 = -t - 9*n + 4*n + 467. Is t prime?
False
Let i(a) = -8*a + 2. Suppose -t - t - 6 = 2*q, -4*t = q + 9. Is i(q) a composite number?
True
Let o(a) = 2*a - 1. Let n be o(2). Let x = -93 + 169. Suppose 2*h - 95 = -5*t + n*h, x = 4*t - 4*h. Is t prime?
True
Suppose -6*z = -9*z - 726. Is z/(-4) - 21/14 a composite number?
False
Suppose 59 = 4*y + 11. Let f = 53 + y. Suppose -3*t + 4*c + f + 24 = 0, -c = t - 39. Is t prime?
False
Let j(r) = -225*r - 11. Is j(-4) a prime number?
False
Is 9/6*(-1988)/(-6) a prime number?
False
Is 2/4 + 7533/18 a prime number?
True
Suppose -4*g + 4*j + 1332 = 0, -2*g + 7*j + 658 = 3*j. Is g a prime number?
True
Suppose h + 227 = 2*u - 245, -3*u + 5*h + 715 = 0. Is u a prime number?
False
Suppose 5*t - 16 = t. Let a be -8 + 9 - (-4 + 1). Suppose l = t*n + 19, l - a*n + 2*n = 27. Is l composite?
True
Let l(c) = 16*c**2 - 1. Is l(1) prime?
False
Suppose 17 = 3*l + 2. Suppose -82 - 73 = -l*g. Is g a prime number?
True
Suppose -5*c + 4*a + 518 = 0, 0 = -3*c - 4*a + 158 + 172. Is c prime?
False
Let o = 8 - 4. Suppose v - 258 = -4*s, 2*v + 2*s - o*s = 566. Is v a prime number?
False
Suppose 4*a = -7 + 19. Suppose -h - 84 + 24 = -2*s, a*s - 90 = 5*h. Suppose -10*x + 5*x = -s. Is x composite?
True
Let r be (-5)/2*(-2 - 0). Suppose r*q - 2*h = 901, -q - h + 713 = 3*q. Is q a composite number?
False
Let x(o) = -o**2 - 5*o + 6. Let t be x(-5). Let s(d) = -3 + 2*d - t*d + 2 + 3*d**3 - 3*d**2. Is s(4) a prime number?
True
Let l(u) = 14*u**2 + 4*u. Let s be l(5). Let y = s - 221. Is y composite?
False
Let h(g) be the second derivative of -g**5/20 + 7*g**4/12 + g**3/3 + 2*g**2 - g. Let p be h(6). Let u = 31 + p. Is u composite?
False
Let d(j) = 5*j**2 + 3*j + 9*j**2 + 5 + 7*j**2 - 4*j**2. Is d(-3) composite?
False
Let w = 3489 + -1928. Is w prime?
False
Let a(s) = -s**2 - 19*s - 17. Is a(-7) a prime number?
True
Let m = 5 - -7. Suppose -m = -g + 11. Is g composite?
False
Is (3/6 + 0)*(4 + 378) composite?
False
Let n = -971 + 2554. Is n prime?
True
Suppose 4*f - 5*b - 3836 = -1012, -f + 5*b + 721 = 0. Is f a prime number?
True
Suppose -4*l = 4, 2*g - g + 4*l - 42 = 0. Is g a prime number?
False
Let f(d) = -d**3 + 5*d**2 + 4*d + 3. Let w(y) = 4*y**3 - 14*y**2 - 11*y - 10. Let z(k) = -7*f(k) - 2*w(k). Let q be z(-6). Is q/(-3)*(57 - 0) a prime number?
True
Suppose 2*u - u = -l + 2940, -l = -4*u - 2915. Is l composite?
True
Let q = -15 - -24. Let p be 2/(-6) + 39/q. Suppose -p*j - 4 + 64 = 0. Is j prime?
False
Let u = 26 + 14. Suppose 29 = -3*s + 23. Is s - (-2 - -3 - u) a composite number?
False
Is (-10)/(-15)*(-7836)/(-8) composite?
False
Suppose 4*s + 0*s - 44 = 0. Suppose w = s + 3. Is w composite?
True
Suppose 2*n - 4*k = 206, 4*n - k = -0*k + 384. Is n prime?
False
Suppose 2*c = 2*s - 156 - 884, 12 = -3*c. Suppose 0 = w - 5*j - 162, -3*w + 2*j = -3*j - s. Is w prime?
False
Let a = -226 + 995. Is a prime?
True
Suppose 2*j + 3 + 3 = 0, 2217 = 3*a - 2*j. Is a prime?
False
Suppose -4*m + 15 = -1. Let g be (2/m)/((-3)/(-42)). Let k(q) = -q**3 + 8*q**2 - q + 4. Is k(g) prime?
False
Suppose 2*d + d - 870 = 0. Suppose -d = 2*m - 782. Suppose 4*q - m = -58. Is q a composite number?
False
Is ((-3)/(-12))/((-1)/(-2524)) prime?
True
Let b(z) = 4*z**2 - 4*z + 2. Let s be (8/6)/((-2)/(-6)). Let v = 7 - s. Is b(v) composite?
True
Let t(j) = 2 + 1 + j**2 + 2 + 10*j. Let a be t(-9). Let x = 11 + a. Is x prime?
True
Let b = -6 - -6. Suppose 2*l - 62 - 44 = b. Is l a composite number?
False
Let n(u) = 2*u - 10. Let v be n(7). Suppose v*j - i - 2 = 8, -10 = 5*i. Suppose 2*w + j*w = 124. Is w composite?
False
Suppose -l + 6 = -2*l. Is l/(-15) + 4212/20 a composite number?
False
Let s(p) be the second derivative of -p**3/3 - 2*p**2 - 2*p. Let q be s(-4). Suppose -2*u = u + 3*x - 21, 2*x + 4 = q*u. Is u a composite number?
False
Let p(w) = 4*w**2 - w + 1. Let s be p(1). Is (-705)/(-20) - 1/s composite?
True
Let v = 11524 - 8069. Is v a prime number?
False
Let w(y) = 3*y**3 + 5*y**2 - 4*y + 1. Is w(4) prime?
True
Let o(s) = 16*s**3 + 5*s**2 - 8*s + 9. Is o(4) prime?
False
Suppose -10 = h - 6*h. Suppose -h*f = -f - 20. Suppose x - f = -6. Is x prime?
False
Suppose -3*i = -0*i + 294. Let j = i - -427. Is j composite?
True
Let m be 3*(0 - (-1)/(-3)). Let q = m + 16. Is q a composite number?
True
Suppose h + 5 + 0 = 0. Let b(z) = -4*z**3 + 3*z**2 + 6*z + 2. Let k(w) = 3*w**3 - 3*w**2 - 5*w - 2. Let s(i) = 4*b(i) + 5*k(i). Is s(h) composite?
False
Let m be 4/(-26) + (-1341)/(-13). Suppose -4*c - 4*s + m = -c, -140 = -4*c - 4*s. Is c a composite number?
False
Suppose -5*j = -2*j + 2*d - 14, -j - 3*d + 7 = 0. Let f be j/2 - (0 + -2). Suppose 4*r + f*i - 45 = 11, i + 61 = 4*r. Is r a prime number?
False
Suppose -2*l - w + 4 = -27, -4*w - 63 = -3*l. Let c = l + 2.